0/112 + 9/24. Calculate the highest common factor of s and 31.
31
Let f = -685 - -811. Calculate the highest common divisor of 210 and f.
42
Let q be (-15)/60 + ((-6)/8 - -1). Suppose q = -3*f - j + 49, -2*f - 5*j + 31 = -19. What is the greatest common factor of 15 and f?
15
Suppose 15*z - 4 = 14*z. Suppose z*y + 0*y - 80 = 0. Let v = -6 + 86. What is the greatest common divisor of v and y?
20
Suppose -293*q = -292*q - 7. Calculate the greatest common factor of q and 112.
7
Let q be -5*((-245)/25 - -1). Suppose -44 = -4*z + q. Calculate the highest common divisor of z and 66.
22
Let o = -43 - -50. Let p(m) = 32*m + 7. Let w be p(o). Calculate the highest common factor of 21 and w.
21
Let h(a) = -a**3 + 11*a**2 - 11*a + 23. Let b be h(7). Let t = b - 113. Calculate the greatest common factor of 261 and t.
29
Let r = 9 + -4. Suppose -r*s + 2*b + 70 = 0, 3*s + 2*b = b + 42. Let q be (-4)/s - 138/(-42). What is the highest common factor of 3 and q?
3
Let b be 2*(-91)/84*-6. Let a be 60/8*(-56)/(-10). Let q = a + -29. Calculate the highest common divisor of b and q.
13
Let u be 12/9*126/4. Let m be 10/(-35) - (-298)/14*1. What is the highest common divisor of m and u?
21
Let i(k) = -k**3 - 10*k**2 + 5. Let x be i(-10). Suppose -10 = -x*r, -2*s = 3*s - 2*r - 66. What is the greatest common divisor of 14 and s?
14
Suppose 4*k - 5*u - 15 = 0, -4*u = -7*k + 3*k + 16. Suppose -2*c - 76 = -q - 0*c, 3*q - k*c = 230. What is the greatest common divisor of q and 8?
8
Let y(k) = 11*k**3 - 25*k**2 - 9*k + 3. Let p be y(5). Calculate the greatest common divisor of 36 and p.
12
Let j = -1416 + 5501. Calculate the highest common factor of 19 and j.
19
Let l = -30 + 45. What is the highest common factor of l and 45?
15
Let u = -103 + 124. What is the highest common factor of u and 147?
21
Let f be (-171)/3*(-1)/3. Calculate the greatest common divisor of 38 and f.
19
Suppose -2*c + 213 = 2*x - 27, -3*x = -4*c - 395. What is the greatest common factor of 75 and x?
25
Let v be 3*(-8)/180 + (-46446)/(-45). What is the highest common factor of v and 43?
43
Let y = 575 - 140. What is the greatest common factor of y and 30?
15
Let d be (-4)/(-14) + (-13)/((-819)/3951). What is the greatest common divisor of d and 21?
21
Let w be ((-6)/8)/((-3)/144). Suppose 0 = 20*t - 45*t + 225. Calculate the highest common factor of w and t.
9
Let k = -209 - -297. What is the highest common factor of 8 and k?
8
Let n = -10 + 17. Let v be ((-68)/(-20) - 5) + 2/(-5). Let p be -2 + v*(-1 - 70/4). What is the greatest common factor of n and p?
7
Let n(i) = i**3 + i**2 + 2*i - 4. Let s be n(2). Suppose -o + z = -s, 2*z - 7*z - 20 = 0. Calculate the highest common factor of o and 128.
8
Let o be (-1045)/(-4) - (-9 + (-37)/(-4)). Calculate the greatest common factor of o and 58.
29
Let g(k) = -2*k**3 - 2*k**2 - 4*k + 2. Let v be g(-4). Let y = 337 + -259. Let h = v - y. What is the highest common factor of h and 12?
12
Let z be 1/((-1 - 65/(-55))/2). Let h be (-909)/(-27) - (-2)/(-3). What is the greatest common divisor of z and h?
11
Let c = -22 - -34. Let h be -20*((-686)/(-35) + -22). Calculate the highest common divisor of h and c.
12
Let m(f) = 0*f**2 - 6*f**2 - 7*f - 2*f**2 + 0*f**2 + 1 - f**3. Let k be m(-7). What is the greatest common divisor of 11 and k?
1
Suppose -5*q - 338 = -8*q + 4*z, -3*q - 3*z = -324. What is the greatest common factor of 88 and q?
22
Suppose -66 = -113*k + 112*k. Calculate the highest common divisor of 1914 and k.
66
Suppose 10*q = 104 - 14. Suppose -5*t + 595 = 2*x, 2*t - 244 = -3*x + x. Calculate the greatest common divisor of q and t.
9
Suppose -100 = -0*d + 4*d. Let r = d - -61. Calculate the highest common factor of 84 and r.
12
Suppose 3*r + 8 = 2*r. Let t be ((-4)/r)/(4/168). Calculate the greatest common factor of 28 and t.
7
Let r = -190 + 194. Calculate the highest common divisor of r and 120.
4
Let l be -3 - (-62*(-1)/(-2) - 0). Let v = l - 27. Calculate the greatest common factor of v and 16.
1
Let a be (65 + -1)*1/2. Suppose 0 = 9*t + 4*t - 1040. Calculate the greatest common divisor of a and t.
16
Let o(z) = -3*z**2 + 29*z + 71. Let t be o(9). Calculate the highest common factor of 2759 and t.
89
Let l = -2 + 32. Calculate the highest common factor of 78 and l.
6
Let k = -889 + 989. What is the highest common divisor of k and 140?
20
Let h(j) = 4*j + 7. Let i(u) = -1. Let s(w) = h(w) + 6*i(w). Let n be s(1). Calculate the greatest common factor of n and 20.
5
Suppose -11*u + 6*u + 286 = 3*s, -s = -2*u - 110. Suppose -s + 17 = -l. What is the greatest common divisor of l and 17?
17
Let z be -1*1*-7*54. Suppose -135*y - 128*y = -10552 - 6017. What is the greatest common divisor of z and y?
63
Suppose -p - 14 + 30 = 0. Suppose -p = -11*z + 17. Calculate the highest common divisor of 2 and z.
1
Let x = 115 - 55. Let i = -840 + 864. What is the greatest common factor of i and x?
12
Suppose 0 = 36*f - 651 - 177. What is the highest common factor of 184 and f?
23
Let m be (0 - (2 - 1))/(-1). Let q(w) = -w**2 - 3*w + 2. Let h be q(-3). Let s(i) = 6*i - 3. Let r be s(h). Calculate the highest common factor of r and m.
1
Let n(k) = 2*k**2 - 2*k - 38. Let q be n(-7). Calculate the greatest common divisor of q and 666.
74
Let p(r) = 5*r + 45. Let q be p(-8). Suppose j = -3, -q*x + 385 = 2*j + 3*j. Calculate the highest common divisor of x and 32.
16
Let u(z) = z**3 - 7*z**2 + 2*z - 7. Let f(o) = -3*o - 29. Let j be f(-12). Let c be u(j). What is the greatest common factor of c and 14?
7
Let x(m) = 8*m - 67. Let z be x(9). What is the greatest common divisor of 5 and z?
5
Let h = 1681 - 1670. Calculate the highest common factor of 4 and h.
1
Let a(n) = -4*n**2 - 2*n + 1. Let b be a(1). Let k be (-46 + b + -4)/(-1). Suppose 0 = -0*r - 3*r + 66. What is the greatest common factor of k and r?
11
Let j be 8/(-28) + 102/14. Suppose -2*o - 59 = -2*s + 93, -4*s + o = -307. Calculate the highest common divisor of j and s.
7
Let i = -29 - -31. Suppose -i*s + 5*s = 546. Calculate the highest common factor of 26 and s.
26
Suppose 145 + 100 = 7*w. Let f be (w/(-21))/(((-5)/18)/5). Calculate the greatest common factor of 120 and f.
30
Let x(w) = -w**3 - 17*w**2 + 18*w - 26. Let t be x(-18). Let y = t - -42. What is the highest common factor of 112 and y?
16
Suppose -3*f - 60 = -8*f. Let p be 4/(-10) - (-560)/25. Suppose -8*r - 168 = -p*r. What is the highest common divisor of r and f?
12
Let v(t) be the first derivative of 5*t**2/2 - 2*t + 9. Let d be v(3). Let w be -2*143/2*-1. What is the greatest common factor of w and d?
13
Let p be 76 + (0 - -4) + -2. Let h be ((-9)/(-15) - 1) + 197/5. Suppose 0*n + 4*n - h = -a, p = 2*a + 3*n. Calculate the greatest common factor of 26 and a.
13
Let k(a) = -a**3 + 18*a**2 - 34*a + 12. Let j be k(16). Let l = 83 + j. What is the highest common divisor of l and 189?
63
Let a = 101 - 68. Let d be 2/2 - (-1 - -1). Let n be d/(-4) - 13/(-4). What is the greatest common divisor of a and n?
3
Let u = -820 + 925. Calculate the greatest common divisor of u and 483.
21
Suppose -5*i + 6 + 9 = 0. Suppose 1 = i*q + 7. Let v be ((-20)/(-25))/(q/(-35)). Calculate the highest common factor of v and 14.
14
Let l = 0 + 2. Suppose l*m = 4*m - 22. Suppose 0 = f - 2*f + m. Calculate the highest common divisor of 77 and f.
11
Let c be -2 + (2 - (1 + 1)) + -1. Let r be 2/(-5) - 35/75*c. Calculate the highest common factor of 1 and r.
1
Let h = 435 + -57. Calculate the greatest common divisor of 18 and h.
18
Suppose 3*k - 48 = 42. What is the highest common divisor of k and 50?
10
Suppose 0*j = -j + 5. Let o(b) = b**2 - 2*b - 3. Let d be o(j). Let w be ((-28)/d)/((-1)/18). What is the highest common divisor of w and 105?
21
Suppose -10*v + 12*v = 162. Let h = 0 + 2. Suppose -2*b - h*b = -36. What is the greatest common factor of b and v?
9
Let y be 2/(10/(-725)*-5). Let z = -6 + y. Calculate the greatest common divisor of z and 46.
23
Let j be (-251)/(-5) + (-2)/10. Let w be (-5)/(54/(-24) - -2). What is the greatest common factor of w and j?
10
Let b = 459 + -420. Let x be (-2)/((-4)/(-26)*-1). What is the highest common divisor of b and x?
13
Let p be -14*(4 + -2 + 0). Let a be (-74)/(-8) + 147/p + 6. What is the greatest common divisor of 30 an